{"id":2,"date":"2023-11-30T19:22:33","date_gmt":"2023-11-30T18:22:33","guid":{"rendered":"http:\/\/asfy.fr\/?page_id=2"},"modified":"2023-11-30T22:54:54","modified_gmt":"2023-11-30T21:54:54","slug":"page-d-exemple","status":"publish","type":"page","link":"https:\/\/asfy.fr\/index.php\/page-d-exemple\/","title":{"rendered":"Informations"},"content":{"rendered":"\n<p><strong>ASFY : Une Nouvelle R\u00e9f\u00e9rence en Conseil et Expertise des Syst\u00e8mes d&rsquo;Information<\/strong><\/p>\n\n\n\n<p>L&rsquo;univers en constante \u00e9volution des technologies de l&rsquo;information voit \u00e9merger une nouvelle figure \u00e9minente : ASFY. D\u00e9di\u00e9e au conseil et \u00e0 l&rsquo;expertise en syst\u00e8mes d&rsquo;information sous toutes leurs formes, cette soci\u00e9t\u00e9 innovante offre une palette compl\u00e8te de services dans des domaines aussi vari\u00e9s que l&rsquo;informatique, la domotique, la cybers\u00e9curit\u00e9 et les cam\u00e9ras de surveillance, en plus de proposer leur installation optimale.<\/p>\n\n\n\n<p>ASFY, acronyme pour \u00ab\u00a0Advanced Systems for You\u00a0\u00bb, se distingue par son engagement \u00e0 offrir des solutions personnalis\u00e9es et hautement sp\u00e9cialis\u00e9es \u00e0 ses clients. Forte d&rsquo;une \u00e9quipe d&rsquo;experts chevronn\u00e9s, la soci\u00e9t\u00e9 se positionne en tant que partenaire de confiance pour r\u00e9pondre aux besoins les plus exigeants de ses clients.<\/p>\n","protected":false},"excerpt":{"rendered":"<p>ASFY : Une Nouvelle R\u00e9f\u00e9rence en Conseil et Expertise des Syst\u00e8mes d&rsquo;Information L&rsquo;univers en constante \u00e9volution des technologies de l&rsquo;information voit \u00e9merger une nouvelle figure \u00e9minente : ASFY. D\u00e9di\u00e9e au conseil et \u00e0 l&rsquo;expertise en syst\u00e8mes d&rsquo;information sous toutes leurs formes, cette soci\u00e9t\u00e9 innovante offre une palette compl\u00e8te de services dans des domaines aussi vari\u00e9s [&hellip;]<\/p>\n","protected":false},"author":1,"featured_media":0,"parent":0,"menu_order":0,"comment_status":"closed","ping_status":"open","template":"","meta":{"footnotes":""},"class_list":["post-2","page","type-page","status-publish","hentry"],"_links":{"self":[{"href":"https:\/\/asfy.fr\/index.php\/wp-json\/wp\/v2\/pages\/2","targetHints":{"allow":["GET"]}}],"collection":[{"href":"https:\/\/asfy.fr\/index.php\/wp-json\/wp\/v2\/pages"}],"about":[{"href":"https:\/\/asfy.fr\/index.php\/wp-json\/wp\/v2\/types\/page"}],"author":[{"embeddable":true,"href":"https:\/\/asfy.fr\/index.php\/wp-json\/wp\/v2\/users\/1"}],"replies":[{"embeddable":true,"href":"https:\/\/asfy.fr\/index.php\/wp-json\/wp\/v2\/comments?post=2"}],"version-history":[{"count":2,"href":"https:\/\/asfy.fr\/index.php\/wp-json\/wp\/v2\/pages\/2\/revisions"}],"predecessor-version":[{"id":20,"href":"https:\/\/asfy.fr\/index.php\/wp-json\/wp\/v2\/pages\/2\/revisions\/20"}],"wp:attachment":[{"href":"https:\/\/asfy.fr\/index.php\/wp-json\/wp\/v2\/media?parent=2"}],"curies":[{"name":"wp","href":"https:\/\/api.w.org\/{rel}","templated":true}]}}